{"id":8,"date":"2017-04-25T12:21:35","date_gmt":"2017-04-25T10:21:35","guid":{"rendered":"https:\/\/bonagro.eu\/?page_id=8"},"modified":"2026-04-27T20:22:37","modified_gmt":"2026-04-27T18:22:37","slug":"about-2","status":"publish","type":"page","link":"https:\/\/zeaslazanky.cz\/index.php\/about-2\/","title":{"rendered":"O n\u00e1s"},"content":{"rendered":"<div class=\"elementToProof\">Spole\u010dnost ZEAS La\u017e\u00e1nky hospoda\u0159\u00ed na celkov\u00e9 v\u00fdm\u011b\u0159e 401 hektar\u016f. Zam\u011b\u0159uje se na klasickou rostlinnou v\u00fdrobu a integrovanou produkci ovoce. Do osevn\u00edho postupu je za\u0159azena p\u0161enice ozim\u00e1, je\u010dmen ozim\u00fd, \u017eito ozim\u00e9 a jarn\u00ed oves. Hlavn\u00ed olejninou je \u0159epka ozim\u00e1.\u00a0 Vojt\u011b\u0161ka a travn\u00ed porosty jsou ur\u010deny pro produkci kvalitn\u00edho sena a sen\u00e1\u017e\u00ed.<\/div>\n<div class=\"elementToProof\"><\/div>\n<div class=\"elementToProof\">V sadech p\u011bstujeme kvalitn\u00ed jablka a hru\u0161n\u011b. Nosn\u00e9 odr\u016fdy jablon\u00ed jsou Rub\u00edn, \u0160ampion, Topaz, Angold a Idaret. Odr\u016fdy hru\u0161n\u00ed jsou Erika, Bohemica, Lucasova a Williamsova \u010d\u00e1slavka. \u010cerstv\u00e1 jablka a hru\u0161ky prod\u00e1v\u00e1me p\u0159\u00edmo ze dvora, ale i do \u0161kol. V\u011bnujeme se i zpracov\u00e1n\u00ed na\u0161eho ovoce &#8211; hlavn\u00edm produktem je pasterizovan\u00fd jable\u010dn\u00fd mo\u0161t.<\/div>\n","protected":false},"excerpt":{"rendered":"<p>Spole\u010dnost ZEAS La\u017e\u00e1nky hospoda\u0159\u00ed na celkov\u00e9 v\u00fdm\u011b\u0159e 401 hektar\u016f. Zam\u011b\u0159uje se na klasickou rostlinnou v\u00fdrobu a integrovanou produkci ovoce. Do osevn\u00edho postupu je za\u0159azena p\u0161enice ozim\u00e1, je\u010dmen ozim\u00fd, \u017eito ozim\u00e9 a jarn\u00ed oves. Hlavn\u00ed olejninou je \u0159epka ozim\u00e1.\u00a0 Vojt\u011b\u0161ka a travn\u00ed porosty jsou ur\u010deny pro produkci kvalitn\u00edho sena a sen\u00e1\u017e\u00ed&#8230;.<\/p>\n","protected":false},"author":1,"featured_media":0,"parent":0,"menu_order":0,"comment_status":"closed","ping_status":"closed","template":"","meta":{"footnotes":""},"class_list":["post-8","page","type-page","status-publish","hentry"],"_links":{"self":[{"href":"https:\/\/zeaslazanky.cz\/index.php\/wp-json\/wp\/v2\/pages\/8","targetHints":{"allow":["GET"]}}],"collection":[{"href":"https:\/\/zeaslazanky.cz\/index.php\/wp-json\/wp\/v2\/pages"}],"about":[{"href":"https:\/\/zeaslazanky.cz\/index.php\/wp-json\/wp\/v2\/types\/page"}],"author":[{"embeddable":true,"href":"https:\/\/zeaslazanky.cz\/index.php\/wp-json\/wp\/v2\/users\/1"}],"replies":[{"embeddable":true,"href":"https:\/\/zeaslazanky.cz\/index.php\/wp-json\/wp\/v2\/comments?post=8"}],"version-history":[{"count":6,"href":"https:\/\/zeaslazanky.cz\/index.php\/wp-json\/wp\/v2\/pages\/8\/revisions"}],"predecessor-version":[{"id":891,"href":"https:\/\/zeaslazanky.cz\/index.php\/wp-json\/wp\/v2\/pages\/8\/revisions\/891"}],"wp:attachment":[{"href":"https:\/\/zeaslazanky.cz\/index.php\/wp-json\/wp\/v2\/media?parent=8"}],"curies":[{"name":"wp","href":"https:\/\/api.w.org\/{rel}","templated":true}]}}